83234
In base 3, what is -1122121200 + -120?
-1122122020
In base 16, what is 2 - 4bc8c?
-4bc8a
In base 6, what is 54551 + -15?
54532
In base 14, what is -3 + 1102?
10dd
In base 10, what is -26718 + -2?
-26720
In base 15, what is 9a6 - 13?
993
In base 7, what is -5 - 106226?
-106234
In base 11, what is 3 + -1151a?
-11517
In base 9, what is 35437 - -3?
35441
In base 11, what is -8a378 - 3?
-8a380
In base 4, what is -11211003 + 100?
-11210303
In base 4, what is 1233 + 12231?
20130
In base 7, what is 1610 + 26363?
31303
In base 2, what is 110011111111000011011 + 10?
110011111111000011101
In base 2, what is 10100 - 100011101011?
-100011010111
In base 12, what is 17378 + -5?
17373
In base 6, what is -1103 - 310?
-1413
In base 2, what is 1000011111010 + -110?
1000011110100
In base 14, what is add5ca + 0?
add5ca
In base 8, what is 56 - -2475?
2553
In base 5, what is 230 + -1034430?
-1034200
In base 7, what is 2502 - -2152?
4654
In base 6, what is -15335 - -3041?
-12254
In base 12, what is -5923 - -11a?
-5805
In base 7, what is -16333 + -13?
-16346
In base 15, what is 516 + -11?
505
In base 14, what is -218a - 27?
-21b3
In base 2, what is 1011110000110111 - -11111?
1011110001010110
In base 16, what is -556c - -2?
-556a
In base 14, what is -121 + -9?
-12a
In base 4, what is -3 - -1021202311?
1021202302
In base 16, what is 42d + 1c6?
5f3
In base 16, what is -1ed5f - -5?
-1ed5a
In base 7, what is -15130 - 3?
-15133
In base 9, what is -6 + 354327?
354321
In base 11, what is 81 + -a8a?
-a09
In base 16, what is -1886 - 41?
-18c7
In base 2, what is -1001100101 - 1000101011?
-10010010000
In base 4, what is 10211122 - -11?
10211133
In base 7, what is 1 - 36340?
-36336
In base 5, what is -43 + -1030?
-1123
In base 5, what is 2 - 304044011?
-304044004
In base 15, what is 7135b + 1?
7135c
In base 12, what is -1392 - -6?
-1388
In base 7, what is -1400665 - 0?
-1400665
In base 11, what is -102 - -65?
-48
In base 3, what is -11012201 - 12?
-11012220
In base 8, what is -16567 - 4?
-16573
In base 13, what is 663c5 - 14?
663b1
In base 5, what is -113312 - 133?
-114000
In base 9, what is -54 - 4107?
-4162
In base 6, what is 135421135 - -3?
135421142
In base 9, what is 22301 + -37?
22253
In base 13, what is 17c1 + 356?
1b47
In base 4, what is 22133 - -111312?
200111
In base 9, what is -380763 - -2?
-380761
In base 2, what is 1000010 + -101110110000?
-101101101110
In base 14, what is -2186ad + -3?
-2186b2
In base 11, what is 553 + 449?
9a1
In base 3, what is -11 - -2122202122010?
2122202121222
In base 8, what is 47 - 1750?
-1701
In base 7, what is 146 - -155404?
155553
In base 9, what is -25 + -174378?
-174414
In base 2, what is 1111000001111 - 11?
1111000001100
In base 11, what is -293 - 3?
-296
In base 4, what is 1132303 + 121?
1133030
In base 2, what is -1101 + -11111111101100111?
-11111111101110100
In base 12, what is -4 - 62a8?
-62b0
In base 9, what is -16262 - 0?
-16262
In base 13, what is -8a7 + 19?
-88b
In base 5, what is 13133131 + 123?
13133304
In base 5, what is 100 + -1021122?
-1021022
In base 15, what is -4644 - 99?
-46dd
In base 6, what is -2120314 - 0?
-2120314
In base 7, what is 21005 - -151?
21156
In base 4, what is -113 - -10212032?
10211313
In base 15, what is -1b + -341?
-35c
In base 15, what is -d - -45a?
44c
In base 7, what is 2 - 66004?
-66002
In base 8, what is 651 - -122?
773
In base 12, what is -26a89 - 1?
-26a8a
In base 3, what is 0 + 102001012?
102001012
In base 3, what is 11 - -111220110221?
111220111002
In base 14, what is 0 - 257b3?
-257b3
In base 9, what is -521 - 2382?
-3013
In base 10, what is 158 + 849?
1007
In base 10, what is 6558 - 1?
6557
In base 16, what is -4ce - -3ff?
-cf
In base 9, what is 20111 - 6?
20104
In base 9, what is -4 - -2282025?
2282021
In base 9, what is 736 + 726?
1563
In base 5, what is 20 - 3124331?
-3124311
In base 4, what is -33 + 1313322?
1313223
In base 6, what is 1040 - 420?
220
In base 11, what is -15 - -880?
866
In base 3, what is -11 + 111211010?
111210222
In base 11, what is -617 - -2612?
1aa6
In base 6, what is -2 - 311120?
-311122
In base 14, what is -65a - 24?
-680
In base 9, what is 1 + 28801?
28802
In base 6, what is 20 + 4541?
5001
In base 4, what is -320200312 + 2?
-320200310
In base 13, what is 22 + -22a?
-208
In base 16, what is -17 + -fc?
-113
In base 14, what is 3 - -bb52?
bb55
In base 4, what is -1 - -123312302?
123312301
In base 15, what is 0 + ee856?
ee856
In base 5, what is -11444 - -10?
-11434
In base 3, what is 1002112 - 1012?
1001100
In base 15, what is -3 + -5ac9?
-5acc
In base 4, what is -123100301 - -21?
-123100220
In base 6, what is 35511 + 3?
35514
In base 6, what is 224043231 + -4?
224043223
In base 8, what is -37577 + 0?
-37577
In base 16, what is -d23 + 1e8?
-b3b
In base 8, what is 36 + -3627?
-3571
In base 4, what is 32 - 231022?
-230330
In base 15, what is 3 - -18480?
18483
In base 3, what is -12020 - -110121120?
110102100
In base 14, what is 136 - -252?
388
In base 12, what is -109 - 3344?
-3451
In base 9, what is -38667 + -181?
-38858
In base 5, what is -142 - -2321?
2124
In base 3, what is -1000101110 + -2112?
-1000110222
In base 9, what is 6820 - 7?
6812
In base 8, what is 22761 + 75?
23056
In base 6, what is -3 + 2222444?
2222441
In base 3, what is -120101210 - 21?
-120102001
In base 12, what is 5 - 129568?
-129563
In base 3, what is 120101201211221 + 11?
120101201212002
In base 6, what is 3423 + 2?
3425
In base 13, what is -3c08c - 11?
-3c0a0
In base 3, what is 20200 - -10001?
100201
In base 7, what is -420550 - 5?
-420555
In base 6, what is 2 - -225453?
225455
In base 3, what is 10 - 1102112101000?
-1102112100220
In base 15, what is 1 - -4e1a8?
4e1a9
In base 9, what is 0 - -234202?
234202
In base 3, what is 20202 - -210?
21112
In base 9, what is 0 + -5786?
-5786
In base 8, what is -6 + 40505?
40477
In base 5, what is -1130331 - 2?
-1130333
In base 7, what is 226661 - 0?
226661
In base 8, what is 6 - -24201?
24207
In base 13, what is -6 + 37796?
37790
In base 9, what is -10 - 3530?
-3540
In base 12, what is -82 - -758?
696
In base 9, what is -43630 - -11?
-43618
In base 2, what is -1100001001 - -1100?
-1011111101
In base 2, what is -101 + 1101100111100100110?
1101100111100100001
In base 2, what is 1 - 100011000010110?
-100011000010101
In base 3, what is -1020221200 - 2?
-1020221202
In base 4, what is 310022 - 22?
310000
In base 3, what is -201100021 + 1?
-201100020
In base 10, what is 17174 - -87?
17261
In base 8, what is -12522 + 207?
-12313
In base 12, what is -1680 + 2?
-167a
In base 15, what is 50 - 2b8?
-268
In base 15, what is 12c + 45d?
58a
In base 10, what is 4735 - 0?
4735
In base 15, what is 3e7e - 5b?
3e23
In base 3, what is -12200122 - -1020?
-12122102
In base 8, what is 16 - 34317?
-34301
In base 11, what is 953 + 218?
1070
In base 11, what is -15 + -96?
-100
In base 13, what is 4 - -54acc?
54b03
In base 12, what is 256a4 + 0?
256a4
In base 15, what is -cd8a - -a?
-cd80
In base 15, what is c + 142c7?
142d4
In base 2, what is 100000 - -10000000011010?
10000000111010
In base 10, what is 18 + -22?
-4
In base 13, what is -3044 - 19?
-3060
In base 15, what is -5 + -40610?
-40615
In base 6, what is -134 - -103553?
103415
In base 11, what is 28 + -3757?
-372a
In base 8, what is -4 - -24021?
24015
In base 11, what is -1098 - 472?
-155a
In base 8, what is -432 - 57?
-511
In base 13, what is 6a65 + 4?
6a69
In base 16, what is -3e42 + -5?
-3e47
In base 4, what is -3101 + 203233?
200132
In base 12, what is -148 - -907?
77b
In base 15, what is -19e2 + -10?
-1a02
In base 9, what is -20 + 20532?
20512
In base 9, what is -10 - -73522?
73512
In base 4, what is -1001220330 + 2?
-1001220322
In base 9, what is -5 - 248427?
-248433
In base 5, what is 10431 + -12203?
-1222
In base 5, what is -240 - -344223?
343433
In base 10, what is 5 - 202347?
-202342
In base 12, what is 30 + -1a52?
-1a22
In base 3, what is -22011 + -12200?
-111211
In base 4, what is 233213 - -1010?
300223
In base 16, what is 208 - -8c7?
acf
In base 7, what is -542510 + 3?
-542504
In base 13, what is 0 + -4a10?
-4a10
In base 15, what is 3 + -8260?
-825c
In base 16, what is -1d352 - 1?
-1d353
In base 13, what is bbb5 + -3?
bbb2
In base 9, what is 0 - 3127?
-3127
In base 4, what is -200300123 - 11?
-200300200
I